428107 prime?
False
Is 74740681 prime?
True
Is 298478023 a prime number?
True
Is 18006253 prime?
False
Is 5234081 prime?
True
Is 4610182 composite?
True
Is 745219 a composite number?
True
Is 68528461 prime?
True
Is 1673563 composite?
False
Is 17914679 a composite number?
False
Is 2717711 prime?
True
Is 21041003 prime?
False
Is 20055377 prime?
True
Is 930491 prime?
True
Is 5839 a composite number?
False
Is 2148983 a composite number?
False
Is 6217177 a composite number?
False
Is 3190037 composite?
True
Is 31952815 prime?
False
Is 69676459 prime?
False
Is 15413839 a composite number?
True
Is 609043 a prime number?
True
Is 7423901 a composite number?
True
Is 5176429 prime?
True
Is 1380763 a composite number?
False
Is 4999073 composite?
True
Is 1396637 composite?
True
Is 33961 a prime number?
True
Is 55794253 a composite number?
False
Is 1071479 composite?
False
Is 213100403 a composite number?
False
Is 4330559 prime?
True
Is 31531 prime?
True
Is 55033499 a prime number?
True
Is 9252889 a prime number?
False
Is 36007163 composite?
False
Is 24544043 prime?
False
Is 3292742 prime?
False
Is 9528419 a composite number?
False
Is 71847833 prime?
False
Is 28301281 composite?
False
Is 91673 composite?
False
Is 39076043 prime?
True
Is 1690973 composite?
True
Is 380121167 a composite number?
False
Is 148782059 prime?
False
Is 156671 a composite number?
False
Is 144505657 a prime number?
True
Is 11232983 prime?
True
Is 114959387 prime?
False
Is 5670649 composite?
False
Is 297379 composite?
True
Is 846059 prime?
True
Is 567119123 composite?
False
Is 25133309 a prime number?
True
Is 56162831 prime?
True
Is 1752383 a composite number?
True
Is 323270099 a composite number?
False
Is 1605611 a composite number?
True
Is 31160149 composite?
True
Is 520103 prime?
True
Is 63035461 a prime number?
True
Is 55765747 a prime number?
True
Is 3608557 a composite number?
True
Is 837617 a composite number?
True
Is 18460741 a prime number?
False
Is 7276201 composite?
True
Is 452171407 a composite number?
True
Is 320077 a prime number?
False
Is 2376359 composite?
False
Is 801959 a composite number?
False
Is 9909901 prime?
True
Is 589445 a composite number?
True
Is 310061 composite?
True
Is 66346877 a composite number?
True
Is 4553971 a composite number?
True
Is 7197773 a composite number?
True
Is 7069661 composite?
False
Is 11893151 prime?
True
Is 4270927 prime?
False
Is 8849501 a composite number?
True
Is 117966367 a composite number?
True
Is 945457 a composite number?
False
Is 21669949 composite?
True
Is 47295967 prime?
False
Is 55813607 composite?
False
Is 13245187 a composite number?
False
Is 84356387 a prime number?
False
Is 116209 composite?
True
Is 41540857 prime?
True
Is 376374083 a prime number?
False
Is 73062083 a prime number?
False
Is 200203993 composite?
True
Is 14686907 a prime number?
True
Is 158707 a composite number?
True
Is 33333595 composite?
True
Is 513945659 a prime number?
True
Is 7428111 a prime number?
False
Is 186379301 prime?
False
Is 56303999 a prime number?
False
Is 9749963 a prime number?
True
Is 145935613 a prime number?
False
Is 750539089 a composite number?
False
Is 124691173 composite?
True
Is 1167247 a composite number?
True
Is 4052039 a composite number?
True
Is 14904863 a prime number?
True
Is 5721167 prime?
False
Is 4023511 a composite number?
False
Is 4719889 a composite number?
False
Is 63233 a composite number?
True
Is 162047 composite?
True
Is 983771 a prime number?
True
Is 680791 prime?
False
Is 61926142 composite?
True
Is 11259671 prime?
False
Is 28026653 a prime number?
False
Is 1488415 composite?
True
Is 48450067 composite?
True
Is 7120621 composite?
False
Is 23068607 composite?
False
Is 2217654685 a prime number?
False
Is 245576157 composite?
True
Is 5815417 a prime number?
True
Is 13800757 a prime number?
True
Is 253243 a composite number?
False
Is 8301121 a composite number?
False
Is 165984161 composite?
True
Is 5821019 a composite number?
False
Is 959224529 a prime number?
True
Is 1408279 a prime number?
True
Is 350565961 a prime number?
True
Is 1351632791 a composite number?
False
Is 1462631 composite?
False
Is 32339653 composite?
True
Is 48017 composite?
False
Is 552399 a prime number?
False
Is 5139077 a composite number?
True
Is 8403383 composite?
False
Is 35981089 prime?
False
Is 6368521 prime?
True
Is 2255063 prime?
True
Is 17852819 prime?
True
Is 62870477 composite?
True
Is 5019653 a prime number?
False
Is 2138173 a prime number?
False
Is 842795 prime?
False
Is 740749 a composite number?
False
Is 3876091 composite?
False
Is 647467 a composite number?
True
Is 128028827 a composite number?
True
Is 310577 composite?
False
Is 3039467 a composite number?
False
Is 449279 prime?
False
Is 1783981 a composite number?
False
Is 144805703 a composite number?
True
Is 40919665 a composite number?
True
Is 6739709 a prime number?
True
Is 19539367 composite?
True
Is 37246214 composite?
True
Is 9553319 composite?
False
Is 231107 a composite number?
False
Is 13741433 a composite number?
False
Is 26550649 prime?
False
Is 3154951 prime?
False
Is 663232201 composite?
True
Is 48935015 a prime number?
False
Is 7018853 prime?
False
Is 54647599 prime?
True
Is 4753585 prime?
False
Is 3584047 a prime number?
True
Is 356624845 prime?
False
Is 180219433 prime?
True
Is 3999109 a prime number?
True
Is 36120697 a prime number?
True
Is 8541679 a composite number?
False
Is 12901849 prime?
False
Is 33376927 a composite number?
False
Is 6939301 prime?
True
Is 77243421 a composite number?
True
Is 1798987 a prime number?
True
Is 455883643 a composite number?
False
Is 55089059 a prime number?
True
Is 19199651 a prime number?
True
Is 532155355 a prime number?
False
Is 6046483 prime?
True
Is 136215881 prime?
True
Is 1427969 prime?
True
Is 16981117 a prime number?
False
Is 66548003 a prime number?
True
Is 202277 a composite number?
False
Is 3721987 a prime number?
False
Is 46275181 prime?
False
Is 70011983 a composite number?
False
Is 2542879 prime?
True
Is 37149083 composite?
False
Is 815059513 a composite number?
True
Is 297667 a composite number?
True
Is 1878229 a composite number?
False
Is 250964443 a composite number?
True
Is 61073221 a composite number?
True
Is 37220087 a prime number?
False
Is 1818647 a composite number?
False
Is 16011551 composite?
True
Is 5249333 composite?
False
Is 4343797 prime?
False
Is 59316029 prime?
True
Is 3528442 a prime number?
False
Is 12230279 a composite number?
True
Is 1040713 a composite number?
True
Is 8528483 composite?
False
Is 1249999 composite?
False
Is 4395857 composite?
False
Is 15007163 prime?
False
Is 763214 a prime number?
False
Is 390444233 a prime number?
False
Is 18474905 prime?
False
Is 17124929 a prime number?
False
Is 62172527 a prime number?
False
Is 958481 a prime number?
True
Is 49264445 a composite number?
True
Is 2036107 a prime number?
False
Is 18285395 a prime number?
False
Is 683216623 a composite number?
False
Is 8824957 composite?
False
Is 570169 a prime number?
False
Is 11538209 a prime number?
False
Is 28232899 composite?
True
Is 2453954 composite?
True
Is 43400947 a composite number?
False
Is 68023 prime?
True
Is 7466759 a composite number?
False
Is 300463 a composite number?
False
Is 11479849 prime?
True
Is 31812881 a composite number?
True
Is 74044757 a composite number?
True
Is 36077673 composite?
True
Is 7024217 a prime number?
True
Is 679139 a prime number?
False
Is 6066941 a composite number?
False
Is 924073 prime?
True
Is 249000562 a composite number?
True
Is 91672869 a composite number?
True
Is 1246073 a composite number?
False
Is 11182987 prime?
True
Is 34232573 a composite number?
False
Is 458736983 prime?
True
Is 88862219 a composite number?
True
Is 1683917 a prime number?
False
Is 1249319 prime?
True
Is 1323227 a prime number?
False
Is 77153539 composite?
False
Is 174620701 composite?
False
Is 25056679 prime?
True
Is 465726865 composite?
True
Is 37847203 composite?
True
Is 636187 prime?
False
Is 43427347 prime?
True
Is 14295559 a composite number?
True
Is 9095347 a composite number?
False
Is 43190663 composite?
False
Is 4606447 prime?
False
Is 16762649 a prime number?
False
Is 318287405 composite?
True
Is 7949127 a composite number?
True
Is 7576549 prime?
False
Is 87774617 composit